4
Calculate -6 - (-44 + -1 + -205 + 214).
30
What is the value of -17 + 4 - -7 - 8?
-14
What is the value of -4 + (4 - 8) + 1 + (3 - -8)?
4
What is the value of -14 + 24 + -30 + 2 + -8?
-26
Calculate (-23 - -18 - 8) + -13 + 9 + -1.
-18
-12 + 1 + -83 + 80 + 36
22
What is (-11 - (-8 - -3 - 2)) + -23 - -5?
-22
What is 16 + -20 - (-11 - (-8 + 3))?
2
Calculate 9 - (-6 - -12) - -11.
14
What is the value of 13 - 26 - -12 - 5?
-6
Calculate 37 - 0 - (563 + -538).
12
18 - (12 + -5) - 2 - 10
-1
What is -26 - -26 - (-13 + -3 - 2)?
18
Evaluate 40 + -34 - (4 - (2 - -1)).
5
What is 1 + 6 - ((-4 - (-18 - -19)) + 1)?
11
Calculate -10 - (-22 + 0 - 8).
20
7 + 0 + (24 - (-19 + 55))
-5
Evaluate (-4 - (7 - (-1 - (-8 - -2)))) + 19.
13
What is -7 - ((0 - -4) + -15 + -2 + -7)?
13
Evaluate -106 + 99 + 1 + -5 - (-3 + -1).
-7
Evaluate -4 - ((-7 - -7) + 7 + 0).
-11
Evaluate 8 + (-2 - -7) + -2 + 1.
12
Calculate -9 - 2 - (251 - 241).
-21
What is the value of (7 - (5 + -1)) + (4 - (7 + -3))?
3
(12 - -1 - 15) + -8
-10
Calculate (1 - (1 - 11)) + -45 + (83 - 45).
4
Evaluate 23 + -55 + 3 + 19.
-10
What is (-3 - -15) + (9 - 5) + 7?
23
Calculate -7 - (-2 - (-7 + 26) - -6).
8
What is 6 + (-9 + -3 - 6)?
-12
What is 10 + (5 + -5 + -14 - -23)?
19
Evaluate -33 - -59 - 29 - 17.
-20
What is -34 - -19 - (2 + -5)?
-12
-61 - -70 - (21 + 4)
-16
Calculate 19 + (4 + 5 + -17 - 3).
8
What is -7 + (-1 + -15 - (19 - 22)) - -5?
-15
What is -13 - (6 + 17 + -33)?
-3
Evaluate 8 + (-21 + 21 - -21).
29
Calculate (-1 - (1 - (-1 - -6))) + -1.
2
Evaluate (-3 - 13 - -26) + 16 + (-4 - -1).
23
What is the value of 0 - (5 + 11 + 2)?
-18
What is (4 - -2) + -10 + -4?
-8
-6 - (9 + -31) - 9
7
Calculate 1 + -3 - (83 + -84).
-1
What is the value of (57 - 13 - 26) + 15 + 1?
34
What is the value of 0 - (8 + 15 + -20)?
-3
What is the value of 1 - -27 - (18 + -23 - -12)?
21
What is the value of 12 - (4 + 8 + -14) - 41?
-27
What is (2 + -11 + 3 - (18 - 21)) + -14?
-17
What is the value of 20 + -5 + -31 + 11?
-5
What is the value of (1 - 7 - (-71 - -66) - -3) + 0?
2
Evaluate (3 - 21 - -14) + -11.
-15
(10 - (-1 + 18 + -7)) + -4
-4
What is the value of 0 + (-72 - -81) + (-15 - -2)?
-4
What is -180 + 177 + (0 - (-1 - -5)) + 0?
-7
Calculate (9 - (0 + -1 - -6)) + -4.
0
Calculate 209 - 248 - (2 + -64).
23
12 + -17 + 5 + 3 + (1 - 6)
-2
What is the value of 0 + -6 + (-24 - -5) + 19 + -6?
-12
Evaluate -1 + 8 - 0 - (456 + -442).
-7
Calculate -26 + 16 - (-27 - -15).
2
Evaluate -5 + (4 + 8 - -3 - (0 - -6)).
4
What is (58 - 56) + 5 + 0 + 14?
21
What is 20 + 13 - 36 - 23?
-26
Evaluate 7 + (-13 - (-15 + 6)).
3
What is -2 + -1 + (-7 - (-20 - 2 - -14))?
-2
What is (-1 - -15) + (4 - 5 - -4 - -3)?
20
What is the value of -326 - -363 - (16 + -2)?
23
What is the value of -7 - -11 - (-3 + 6 - 12)?
13
What is -4 + 0 + 1 - (27 - (-37 - -67))?
0
Evaluate 15 - 35 - (-8 - -3).
-15
What is 12 - 13 - (4 - -3)?
-8
Evaluate (3 - 8) + (-7 - 22 - (-8 - -3)).
-29
Evaluate 0 - ((6 - (13 - 16)) + -14).
5
29 + 0 + -10 - 26
-7
Calculate 0 + 11 + -4 + 4.
11
(-8 - (5 + -16 + 4)) + 3
2
What is 5 - (2 + 36 - ((13 - -18) + -26))?
-28
What is -13 + (9 - 6) + -4 - 2?
-16
Evaluate 9 + -2 + (0 - -13) + 1.
21
20 + 3 + 5 + -31
-3
-23 - -3 - (2 + -19)
-3
-9 + 1 + (-48 - -59)
3
Evaluate 15 + (-34 - -16) + -6.
-9
Evaluate (-4 - (-1 - (-14 + 8))) + 15 + 8.
14
15 + 0 + -2 + 0 + 11 + -14
10
What is the value of (-21 - -11) + (1 - 5)?
-14
What is 27 + -11 - 28 - -26?
14
What is -24 + (6 - 3 - (-26 - -33)) + 13?
-15
What is the value of 15 + 21 + -30 + -3?
3
What is -17 - ((-3 - 1) + 5 - (-10 - -3))?
-25
Evaluate -5 + 1 + 5 + -6.
-5
What is the value of -13 + (0 - (1 - 2)) + 17 + -11?
-6
What is -10 + (-2 + 11 - (291 + -323))?
31
What is the value of -12 + 1 + -252 + 250?
-13
What is -4 - (0 - 1) - (6 + (1 - 11))?
1
Evaluate 9 - (18 + -1 - 17).
9
What is the value of (24 - (25 + -16)) + -15?
0
Evaluate -13 - ((0 - -11) + -18) - 0.
-6
What is the value of 5 - (41 - 47 - -36)?
-25
What is -13 - ((32 - 26) + 3 + -4 + -1)?
-17
160 + -135 + (0 - 13)
12
Calculate 13 + (8 - 5 - (67 + -33)).
-18
Evaluate 1 - (32 + -29 - (3 + 2)) - 16.
-13
-20 - (-2 - 2 - (-15 - (-13 + 13)))
-31
What is -35 + 28 - (3 + -3 + 1 + 0)?
-8
Evaluate 6 + (5 + (10 + -10 - 8) - -7).
10
Evaluate -2 + -26 - 19 - -26.
-21
What is the value of 0 + -1 + -8 + (19 - (27 + -1))?
-16
What is -5 + -1 - (-21 + 18 + -9)?
6
(2 - (7 - 5)) + -7 - (-7 + 0)
0
Evaluate 15 - (-14 + 7 + 14 + 1).
7
Evaluate 15 - (-12 - -14 - -12).
1
What is -1 + 16 - (-3 - 12 - -27)?
3
Calculate -1 + 13 + (237 - 255).
-6
Evaluate 13 - (1 + 8 + -12 + 37).
-21
What is the value of -1 + 22 - (-86 - -94)?
13
2 + (1 - -2) + (42 - 20 - 14)
13
What is the value of (12 - -1) + (-2 - -1 - (-148 - -154))?
6
What is the value of -76 + 80 + (-4 - 0) + 7?
7
What is 3 - (-5 + -39 + 50 + (1 - 2))?
-2
What is (-26 - (-6 - (-10 + 15))) + 45?
30
What is the value of 6 + 10 + -13 + -2?
1
What is the value of 9 - ((61 - 24 - (1 + -4)) + -7)?
-24
Evaluate -3 - (9 + -11 + 9 - (2 - -11)).
3
Calculate 30 + (14 - -7 - 38).
13
-25 + (-59 - -53 - (-13 + 0))
-18
Calculate -2 + 4 + -95 + 105.
12
Calculate -64 + (-36 - -5 - -76).
-19
-1 + 12 + 10 + -7 + (2 - 3)
13
Calculate -11 - (1 + -3 - 6).
-3
(16 - (5 + 12)) + (0 - -11) - 22
-12
Calculate 2 + (2 - (9 - (-3 + -3))) + 2.
-9
Evaluate 53 + -51 - (-5 + 5 - 26).
28
What is the value of 2 + (-12 - -3) + 9 + (2 - -13)?
17
What is the value of -4 + (-8 - (3 - 3) - -13)?
1
-3 + -1 + (130 - 90)
36
(-15 - -13) + (-1 - (-36 + 14))
19
Calculate 10 + (-1 - (15 - -5)).
-11
22 + (-636 - -626) + 1 + 1 + -1
13
What is -8 + 8 + 1 - 1?
0
Calculate -10 + 3 + -9 + 16 + -11.
-11
Calculate 13 - (-2 - -15) - -1.
1
What is the value of -40 - (-21 - 0) - -23?
4
What is -10 + 7 + -3 + (2 + 0 - 0)?
-4
Calculate -4 + 3 + -5 + -1 + 10 + -10.
-7
What is 35 + -22 + (-24 - -5)?
-6
Evaluate 7 + (-7 - (-7 + -9)) + -12 + 5.
9
What is the value of (-27 - -19) + 1 + 0?
-7
Evaluate -36 + 3 + 14 - -12.
-7
Evaluate -5 - (1 + 1 + 0 + (-4 - -9)).
-12
What is the value of -23 + (13 + (-8 - 4) - -5)?
-17
Calculate (10 - (30 - (6 - 2))) + 4.
-12
-12 + -3 + -2 + 5
-12
What is ((-11 - -9) + 10 - -16) + -10?
14
What is -159 + 142 - (7 + -4 + -39)?
19
(5 + -27 - -10) + (-4 - -26)
10
-7 - (-13 - 2 - (-4 + 1 + 2))
7
Calculate -1 + 4 - (-13 - (9 - 13 - 7)).
5
3 - (1 + 6 + (-5 - (-5 + 0)))
-4
7 - 7 - -8 - ((-1 - -6) + -6)
9
Calculate (29 - -1) + 20 + -20 + (61 - 70).
21
What is (-14 - (-16 + -4 - 4)) + -31?
-21
What is the value of 2 - (-11 + 15) - 2?
-4
What is (-8 + (10 - 1) - (4 + -7)) + -26?
-22
8 + 10 + -26 - (0 + 3)
-11
Evaluate (1 + 2 - -3) + -43 + 33.
-4
What is -21 - (-8 - (9 - (7 - -6)))?
-17
What is (-3 - -42) + -467 + 456?
28
Calculate 2 + (-10 - (-2 + (2 - 7)) - 4).
-5
Calculate (-4 - -11) + (-2 - 24 - (0 - -1)).
-20
What is 156 - 161 - (0 - 40)?
35
(-6 - ((-5 - 2) + 9)) + -18 - -7
-19
What is (-5 + 27 - (-2 - -3) - 5) + -2?
14
Calculate -17 + -3 + 6 + -550 + 551.
-13
What is the value of 14 + (-14 - -23) + -34?
-11
Calculate (-1 - ((8 - 2) + -16)) + 7.
16
Calculate 2 + 3 + -12 + -2.
-9
-4 + (8 - 4) - (-30 - -27)
3
Calculate 2 + 7 + (-10 - 0 - -5) + 3.
7
What is the value of (-5 - (13 + -9) - 11) + -2?
-22
Calculate 14 + 1 - (12 - 2 - 7).
12
What is 3 + -23 - (-6 + (-4 - -8))?
-18
What is the value of -1 + -4 + 7 + -18 + -6 + 11?
-11
Evaluate (2 - -7) + (-11 - (-15 + 15)) - -24.
22
What is the value of -9 + (19 - -14) + -13 + (-1 - 6)?
4
Calculate (4 - -6 - 11 - -8) + -31 + -4.
-28
What is the value of (1 - 5 - -3) + -3 + 5?
1
12 - ((5 - 8) + 3 + (4 - 8))
16
What is the value of (-1 - -9) + (29 - 15 - 26) + 2?
-2
What is the value of 3 + -4 + 35 + -32 - 28?
-26
Evaluate 8 - ((-12 - -2) + 24 + -27).
21
What is the value of -8 + -3 + 23 - 10?
2
What is the value of -84 + 87 - (-1 - -20)?
-16
-24 + -3 + (0 - -19)
-8
Evaluate 155 - 130 - (-1 - -29).
-3
Calculate (1 - -23) + -14 + -5.
5
-3 + 18 - 37 - (-8 + 4)
-18
What is 2 + -12 - -11 - 11?
-10
What is the value of (-8 - (23 - (9 - -3))) + 2?
-17
Calculate -20 + (15 - -9) + (-5 + 1 - -24).
24
Calculate 1 - ((3 - 17) + 20).
-5
What is 1 + 0 + -7 - (75 - 83)?
2
Calculate 18 + (4 - 13) + -3.
6
What is the value of 3 + 5 + (0 - 5) - (-8 - -2)?
9
Evaluate 13 - (-8 + 4 + 14).
3
What is the value of 2 + 23 + -27 - -30?
28
